o(6).
-15
Let r(t) = -7*t + 4. Determine r(0).
4
Let w(s) = -s + 16. What is w(8)?
8
Let z(q) = q + 8. Calculate z(-5).
3
Let w(l) = -l**2 + 16. What is w(-7)?
-33
Let f(q) = -2*q - 6. Calculate f(-6).
6
Let r(m) = 2*m**3 + 7*m**2 - 5*m - 5. Determine r(-4).
-1
Let q(d) = -4*d + 37. Give q(11).
-7
Let d(f) = -f**3 - 10*f**2 + 12*f - 2. Calculate d(-11).
-13
Let j(o) = o**2 - o + 49. Give j(0).
49
Let k(y) = y**3 - 4*y**2 - 13. Determine k(5).
12
Let o(c) = -2*c**3 + 9*c**2 + 199*c - 9. Determine o(-8).
-1
Let i(b) = -5*b + 28. Determine i(8).
-12
Let b(q) = -7*q + 56. Give b(5).
21
Let b(f) = f**2 + 4*f. What is b(-2)?
-4
Let p(r) = 2*r**2 + 4*r - 13. Calculate p(5).
57
Let s(q) = -2*q + 59. Give s(16).
27
Let j(t) = t**2 - 6*t - 6. Give j(6).
-6
Let x(l) = 4*l + 12. Determine x(-4).
-4
Let w(p) = p**3 - 28*p**2 + 16. What is w(28)?
16
Let z(s) = -10*s**2 - 4*s. Calculate z(3).
-102
Let h(a) = -6*a**2 - a + 1. Give h(1).
-6
Let c(r) = -23*r - 617. What is c(-26)?
-19
Let r(t) = 53*t**2 - t - 2. Give r(-1).
52
Let q(u) = -u**3 + 17*u**2 - 16*u - 7. Calculate q(16).
-7
Let h(j) = -2*j**2 - 5*j - 7. Determine h(0).
-7
Let c(l) = -18*l - 1. What is c(-2)?
35
Let l(m) = m**3 + m**2 + m - 4. Give l(4).
80
Let g(r) = -r**2 + 20*r - 62. Calculate g(16).
2
Let o(i) = -10*i + 6. What is o(3)?
-24
Let k(x) = -2*x**3 + 15*x**2 + 7*x - 16. Determine k(7).
82
Let p(g) = 29*g + 26. Determine p(4).
142
Let d(g) = 9*g**2 + 2*g - 1. What is d(-2)?
31
Let f(t) = -t**2 - 9*t + 92. Calculate f(-15).
2
Let k(r) = -2*r**2 - r - 2. Give k(-7).
-93
Let q(i) = -7*i + 4. Determine q(-4).
32
Let v(a) = 2*a**3 + 15*a**2 - 14*a - 43. Calculate v(-8).
5
Let x(b) = b**2 - 19*b + 13. What is x(6)?
-65
Let g(t) = -t**2 + t + 32. What is g(0)?
32
Let c(p) = -p + 25. Calculate c(14).
11
Let k(j) = -j**3 - 7*j**2 - 7*j - 6. Give k(-4).
-26
Let u(x) = x**2 - 6*x - 2. Calculate u(10).
38
Let s(o) = 21*o - 8. Calculate s(-2).
-50
Let u(m) = m**3 + 5*m**2 + 6*m + 14. What is u(-5)?
-16
Let f(b) = b**3 + 23*b**2 - b - 28. Give f(-23).
-5
Let j(f) = -f**2 - 20*f - 6. Give j(-20).
-6
Let h(k) = 3*k + 4. Determine h(-10).
-26
Let s(d) = 12*d - 313. Give s(27).
11
Let x(j) = -62*j**2 - 57*j - 1. What is x(-1)?
-6
Let o(i) = -i**2 + i - 5. What is o(-5)?
-35
Let w(q) = 4*q**2 - 11*q + 13. What is w(4)?
33
Let p(i) = 5*i - 27. Calculate p(4).
-7
Let u(o) = o**2 + o - 2. Calculate u(0).
-2
Let h(a) = -a**3 - 8*a**2 - 7*a - 2. Give h(-5).
-42
Let x(r) = r**3 + 43*r**2 - 89*r + 53. Calculate x(-45).
8
Let v(d) = -d**3 - d**2 + 8*d - 3. Calculate v(-4).
13
Let k(b) = -b**3 - 35*b**2 - 64*b + 61. What is k(-33)?
-5
Let i(a) = 10*a**2 + 19*a - 5. Determine i(-5).
150
Let o(z) = -z**3 + 12*z**2 + 13*z. Determine o(13).
0
Let z(w) = -w**2 + 2. What is z(4)?
-14
Let u(k) = -6*k - 3. What is u(-3)?
15
Let a(h) = 8*h + 96. What is a(-11)?
8
Let c(j) = -7*j**3 - 2*j**2 - 6*j - 5. What is c(-1)?
6
Let w(j) = j**2 - 25*j - 395. What is w(-11)?
1
Let z(l) = l**2 + 10*l - 11. Determine z(-8).
-27
Let l(h) = -17*h - 3. Give l(-1).
14
Let k(b) = -2*b**3 + 39*b**2 + 60*b + 63. Determine k(21).
0
Let r(u) = -u**3 + 4*u**2 + 4*u + 3. Give r(5).
-2
Let b(p) = -121*p**3 + p**2 - 2*p + 1. Determine b(1).
-121
Let s(b) = b**3 - 14*b**2 - 2*b - 5. What is s(14)?
-33
Let h(m) = 64*m. Give h(1).
64
Let j(f) = -f**2 + 30*f + 99. Determine j(33).
0
Let v(s) = -s**2 - 7*s - 4. What is v(-8)?
-12
Let i(b) = b**3 + 6*b**2 - 11*b - 8. Determine i(-7).
20
Let f(m) = -m**3 - 14*m**2 - 14*m - 16. Calculate f(-13).
-3
Let z(d) = 39*d + 37. Give z(-1).
-2
Let q(u) = -12*u + 93. What is q(7)?
9
Let d(w) = -w**3 - 6*w**2 - 5*w - 2. Calculate d(-5).
-2
Let u(s) = -s**2 + 12*s + 68. Give u(16).
4
Let h(u) = -2*u**3 - 45*u**2 + 22*u - 28. What is h(-23)?
-5
Let x(b) = 19*b - 57. Determine x(-8).
-209
Let r(j) = 10*j - 3. Calculate r(-3).
-33
Let w(m) = -m**3 - 2*m + 39. Give w(0).
39
Let w(a) = a**3 - 7*a**2 + 5*a + 13. Give w(6).
7
Let x(g) = 76*g + 450. What is x(-6)?
-6
Let w(i) = i**3 + 4*i**2 - 6*i - 3. Give w(-5).
2
Let w(i) = 11*i - 111. Give w(10).
-1
Let a(y) = -2*y**3 + 39*y**2 + 19*y + 29. Give a(20).
9
Let t(q) = q**2 + 18*q - 14. Give t(-19).
5
Let m(y) = y**2 - 13*y + 32. Give m(7).
-10
Let o(q) = -q**3 - 7*q**2 - 6*q - 8. Calculate o(-6).
-8
Let i(s) = s - 33. Calculate i(10).
-23
Let b(h) = 3*h + 35. Determine b(-12).
-1
Let v(y) = -y**3 + 23*y**2 - y + 23. What is v(23)?
0
Let m(p) = -49*p - 3. What is m(-1)?
46
Let w(t) = 9*t - 29. What is w(2)?
-11
Let y(p) = 11*p - 182. Determine y(17).
5
Let d(z) = -z**3 - 18*z**2 - 15*z + 34. Give d(-17).
0
Let b(x) = 2*x**2 - 1. Calculate b(-2).
7
Let j(q) = q**2 + 10*q + 18. Give j(-6).
-6
Let o(u) = u**2 - 8*u + 13. Give o(9).
22
Let s(o) = o**2 - 7. Give s(5).
18
Let j(y) = 4*y**2 - 11*y - 10. What is j(-1)?
5
Let a(f) = -f**3 - 15*f**2 + 38*f - 11. Determine a(-17).
-79
Let f(u) = 2*u**3 + 13*u**2 - 6*u + 11. Give f(-7).
4
Let q(z) = z**3 - 7*z**2 + 10*z + 1. What is q(6)?
25
Let r(h) = 27*h - 153. Calculate r(6).
9
Let m(w) = 25*w + 3. Calculate m(1).
28
Let s(k) = -19*k**2 - 321*k + 39. What is s(-17)?
5
Let o(q) = q**3 + 50*q**2 + 97*q + 34. Give o(-48).
-14
Let z(q) = -4*q + 3. What is z(7)?
-25
Let f(b) = -b**3 - b - 40. What is f(0)?
-40
Let h(x) = -x**3 - 4*x**2 + 4. Determine h(-2).
-4
Let g(t) = -2*t**2 - 11*t - 8. Calculate g(-5).
-3
Let u(b) = -b**3 + 5*b - 3. Give u(2).
-1
Let m(w) = -w**2 + 4*w + 31. Calculate m(8).
-1
Let k(j) = 2*j**3 + 7*j**2 + 5*j + 12. What is k(-3)?
6
Let y(k) = -k**3 - 10*k**2 + 5*k - 26. What is y(-11)?
40
Let h(w) = 2*w**2 + 41*w - 7. Calculate h(-6).
-181
Let o(s) = 5*s + 82. Calculate o(-11).
27
Let u(v) = 3*v - 6. Determine u(8).
18
Let c(p) = 2*p**2 - 18*p + 20. Calculate c(10).
40
Let u(s) = -10*s**2 - 8*s - 8. Give u(-1).
-10
Let d(p) = 8*p + 13. Determine d(6).
61
Let y(f) = f**3 + 20*f**2 + f + 16. Give y(-20).
-4
Let v(t) = -t**3 + 6*t**2. What is v(5)?
25
Let f(z) = z**2 - 18*z + 22. Determine f(15).
-23
Let q(w) = 12*w + 7. Calculate q(-1).
-5
Let b(u) = 11*u**2 - 2*u - 5. Calculate b(4).
163
Let v(p) = -2*p - 8. Calculate v(-8).
8
Let k(n) = -n**3 - 10*n**2 + 35*n + 18. Determine k(-13).
70
Let r(m) = m**3 + 10*m**2 + 11*m + 13. Calculate r(-9).
-5
Let n(m) = m**2 + 29*m - 247. Calculate n(-36).
5
Let c(q) = -44*q + 20. What is c(0)?
20
Let u(v) = 4*v**3 - 194*v**2 + 96*v - 2. Calculate u(48).
-2
Let w(y) = y**3 + 4*y**2 + 8*y + 16. What is w(-4)?
-16
Let x(n) = n**2 + 12*n - 31. Calculate x(-14).
-3
Let z(b) = -b**3 - 10*b**2 - 12*b - 2. Determine z(-8).
-34
Let z(b) = b**2 + 14*b + 34. Give z(-8).
-14
Let r(v) = -15*v + 23. Determine r(2).
-7
Let u(c) = 4*c**2 + 39*c + 34. Determine u(-9).
7
Let z(h) = -4*h + 17. What is z(5)?
-3
Let g(w) = w - 7. Give g(1).
-6
Let y(d) = d**3 - 25*d**2 - 33*d - 4. What is y(26)?
-186
Let m(f) = f**2 - 15*f + 60. Give m(11).
16
Let d(h) = -h**2 + 14*h + 7. What is d(13)?
20
Let h(s) = -s**2 + 6*s - 5. What is h(5)?
0
Let i(h) = -h**3 + h - 3. Determine i(0).
-3
Let c(g) = -g**3 + 9*g**2 + g - 6. What is c(8)?
66
Let a(g) = -13*g + 2. Determine a(-1).
15
Let h(z) = -z**3 - z**2 + 10*z - 6. Give h(3).
-12
Let c(j) = -9*j**2 + 2*j + 1. Give c(1).
-6
Let i(o) = -2*o**2 - 39*o + 65. Calculate i(-21).
2
Let m(a) = a**3 + 9*a**2 + 7*a - 1. What is m(-8)?
7
Let v(u) = u**3 + 2*u**2 - 2*u + 3. Determine v(-3).
0
Let z(h) = h**3 + 10*h**2 - 10*h + 9. Calculate z(-11).
-2
Let o(c) = 2*c**2 + 7*c. Determine o(-4).
4
Let q(s) = s**3 - 13*s**2 + 11*s - 26. Calculate q(13).
117
Let y(x) = 31*x**2 + 744*x - 15. Give y(-24).
-15
Let i(b) = -25*b + 1. What is i(-2)?
51
Let t(c) = 20*c + 7. What is t(-4)?
-73
Let v(c) = -2*c - 25. What is v(-9)?
-7
Let l(a) = a**3 + a**2 - 2*a - 6. Calculate l(0).
-6
Let n(d) = d**3 - 10*d**2 - 25*d + 11. Calculate n(12).
-1
Let i(l) = -3*l**2 - 7*l - 14. Calculate i(-4).
-34
Let n(x) = -6*x + 10. Give n(-7).
52
Let q(v) = -4*v + 11. Determine q(7).
-17
Let n(z) = 2*z**3 - 5*z**2 - 4*z + 14. What is n(3)?
11
Let n(x) = x**2 + 6*x - 5. What is n(-7)?
2
Let z(o) = 2*o - 8. Calculate z(-4).
-16
Let n(f) = -f**2 - 3*f - 48. What is n(0)?
-48
Let n(u) = -10*u - 1. Give n(3).
-31
Let f(t) = -7*t**2 - 8*t + 14. Determine f(4).
-130
Let u(d) = d + 14. Determine u(2).
16
Let a(